{"id":485,"date":"2018-08-01T12:45:32","date_gmt":"2018-08-01T10:45:32","guid":{"rendered":"http:\/\/lapartdelinvisible.com\/?page_id=485"},"modified":"2025-09-06T14:44:38","modified_gmt":"2025-09-06T12:44:38","slug":"lola-santa-maria","status":"publish","type":"page","link":"https:\/\/lapartdelinvisible.com\/index.php\/compagnie\/lola-santa-maria\/","title":{"rendered":"Lola Santa Maria &#8211; Com\u00e9dienne"},"content":{"rendered":"\n<figure class=\"wp-block-image size-large is-resized\"><img loading=\"lazy\" decoding=\"async\" width=\"684\" height=\"1024\" src=\"http:\/\/lapartdelinvisible.com\/wp-content\/uploads\/2025\/09\/DSC0908-1-684x1024.jpg\" alt=\"\" class=\"wp-image-1546\" style=\"width:176px;height:auto\" srcset=\"https:\/\/lapartdelinvisible.com\/wp-content\/uploads\/2025\/09\/DSC0908-1-684x1024.jpg 684w, https:\/\/lapartdelinvisible.com\/wp-content\/uploads\/2025\/09\/DSC0908-1-200x300.jpg 200w, https:\/\/lapartdelinvisible.com\/wp-content\/uploads\/2025\/09\/DSC0908-1-768x1150.jpg 768w, https:\/\/lapartdelinvisible.com\/wp-content\/uploads\/2025\/09\/DSC0908-1-1025x1536.jpg 1025w, https:\/\/lapartdelinvisible.com\/wp-content\/uploads\/2025\/09\/DSC0908-1-1367x2048.jpg 1367w, https:\/\/lapartdelinvisible.com\/wp-content\/uploads\/2025\/09\/DSC0908-1-scaled.jpg 1709w\" sizes=\"auto, (max-width: 684px) 100vw, 684px\" \/><\/figure>\n\n\n\n<p>Lola est une <strong data-start=\"188\" data-end=\"230\">jeune com\u00e9dienne aux multiples talents<\/strong>, passionn\u00e9e par l\u2019art de la sc\u00e8ne sous toutes ses formes. Elle int\u00e8gre la compagnie <strong data-start=\"315\" data-end=\"341\">La Part de l\u2019invisible<\/strong> en 2023, d\u2019abord comme <strong data-start=\"365\" data-end=\"398\">assistante \u00e0 la mise en sc\u00e8ne<\/strong>, avant de rejoindre les cr\u00e9ations en tant que <strong data-start=\"445\" data-end=\"459\">com\u00e9dienne<\/strong>.<\/p>\n\n\n\n<p>Curieuse et cr\u00e9ative, Lola explore avec la m\u00eame \u00e9nergie le <strong data-start=\"523\" data-end=\"539\">jeu th\u00e9\u00e2tral<\/strong>, le <strong data-start=\"544\" data-end=\"553\">chant<\/strong> et la <strong data-start=\"560\" data-end=\"575\">composition<\/strong>, ce qui enrichit son univers artistique et nourrit sa mani\u00e8re son travail de com\u00e9dienne. Elle aime croiser ces disciplines pour transmettre son enthousiasme au public comme aux \u00e9l\u00e8ves.<\/p>\n\n\n\n<p>En 2024, elle rejoint l\u2019\u00e9quipe p\u00e9dagogique de la compagnie et propose des <strong data-start=\"831\" data-end=\"864\">cours de th\u00e9\u00e2tre pour enfants<\/strong>, dans lesquels elle partage sa passion, son \u00e9coute et sa joie de cr\u00e9er ensemble.<\/p>\n","protected":false},"excerpt":{"rendered":"<p>Lola est une jeune com\u00e9dienne aux multiples talents, passionn\u00e9e par l\u2019art de la sc\u00e8ne sous toutes ses formes. Elle int\u00e8gre la compagnie La Part de l\u2019invisible en 2023, d\u2019abord comme <a class=\"more-link\" href=\"https:\/\/lapartdelinvisible.com\/index.php\/compagnie\/lola-santa-maria\/\">Continue Reading \u2192<\/a><\/p>\n","protected":false},"author":1,"featured_media":0,"parent":399,"menu_order":0,"comment_status":"closed","ping_status":"closed","template":"","meta":{"footnotes":""},"class_list":["post-485","page","type-page","status-publish","hentry"],"_links":{"self":[{"href":"https:\/\/lapartdelinvisible.com\/index.php\/wp-json\/wp\/v2\/pages\/485","targetHints":{"allow":["GET"]}}],"collection":[{"href":"https:\/\/lapartdelinvisible.com\/index.php\/wp-json\/wp\/v2\/pages"}],"about":[{"href":"https:\/\/lapartdelinvisible.com\/index.php\/wp-json\/wp\/v2\/types\/page"}],"author":[{"embeddable":true,"href":"https:\/\/lapartdelinvisible.com\/index.php\/wp-json\/wp\/v2\/users\/1"}],"replies":[{"embeddable":true,"href":"https:\/\/lapartdelinvisible.com\/index.php\/wp-json\/wp\/v2\/comments?post=485"}],"version-history":[{"count":6,"href":"https:\/\/lapartdelinvisible.com\/index.php\/wp-json\/wp\/v2\/pages\/485\/revisions"}],"predecessor-version":[{"id":1588,"href":"https:\/\/lapartdelinvisible.com\/index.php\/wp-json\/wp\/v2\/pages\/485\/revisions\/1588"}],"up":[{"embeddable":true,"href":"https:\/\/lapartdelinvisible.com\/index.php\/wp-json\/wp\/v2\/pages\/399"}],"wp:attachment":[{"href":"https:\/\/lapartdelinvisible.com\/index.php\/wp-json\/wp\/v2\/media?parent=485"}],"curies":[{"name":"wp","href":"https:\/\/api.w.org\/{rel}","templated":true}]}}

Lola Santa Maria &#8211; Comédienne

<figure class="wp-block-image size-large is-resized"><img loading="lazy" decoding="async" width="684" height="1024" src="http://lapartdelinvisible.com/wp-content/uploads/2025/09/DSC0908-1-684x1024.jpg" alt="" class="wp-image-1546" style="width:176px;height:auto" srcset="https://lapartdelinvisible.com/wp-content/uploads/2025/09/DSC0908-1-684x1024.jpg 684w, https://lapartdelinvisible.com/wp-content/uploads/2025/09/DSC0908-1-200x300.jpg 200w, https://lapartdelinvisible.com/wp-content/uploads/2025/09/DSC0908-1-768x1150.jpg 768w, https://lapartdelinvisible.com/wp-content/uploads/2025/09/DSC0908-1-1025x1536.jpg 1025w, https://lapartdelinvisible.com/wp-content/uploads/2025/09/DSC0908-1-1367x2048.jpg 1367w, https://lapartdelinvisible.com/wp-content/uploads/2025/09/DSC0908-1-scaled.jpg 1709w" sizes="auto, (max-width: 684px) 100vw, 684px" /></figure>



<p>Lola est une <strong data-start="188" data-end="230">jeune comédienne aux multiples talents</strong>, passionnée par l’art de la scène sous toutes ses formes. Elle intègre la compagnie <strong data-start="315" data-end="341">La Part de l’invisible</strong> en 2023, d’abord comme <strong data-start="365" data-end="398">assistante à la mise en scène</strong>, avant de rejoindre les créations en tant que <strong data-start="445" data-end="459">comédienne</strong>.</p>



<p>Curieuse et créative, Lola explore avec la même énergie le <strong data-start="523" data-end="539">jeu théâtral</strong>, le <strong data-start="544" data-end="553">chant</strong> et la <strong data-start="560" data-end="575">composition</strong>, ce qui enrichit son univers artistique et nourrit sa manière son travail de comédienne. Elle aime croiser ces disciplines pour transmettre son enthousiasme au public comme aux élèves.</p>



<p>En 2024, elle rejoint l’équipe pédagogique de la compagnie et propose des <strong data-start="831" data-end="864">cours de théâtre pour enfants</strong>, dans lesquels elle partage sa passion, son écoute et sa joie de créer ensemble.</p>

<p>Lola est une jeune comédienne aux multiples talents, passionnée par l’art de la scène sous toutes ses formes. Elle intègre la compagnie La Part de l’invisible en 2023, d’abord comme <a class="more-link" href="https://lapartdelinvisible.com/index.php/compagnie/lola-santa-maria/">Continue Reading →</a></p>
